c(-15)?
150
Let o(i) = 6*i**3 - 2*i - 8. Suppose -90 = -2*b - 4*c, 4*b - 105 = b + 4*c. What is the remainder when o(2) is divided by ((-3)/((-9)/b))/1?
10
Suppose x - 44 = -3*q, -2*x + 201 = 3*x - 4*q. What is the remainder when (-9031)/(-44) + (-6)/(-8) - 2 is divided by x?
40
Let f = -1175 - -1356. Suppose 2*g + 2*s - 50 - 48 = 0, g - 3*s = 37. Calculate the remainder when f is divided by g.
43
Let g(q) = 11*q - 13. Let y be g(6). Let m = 66 - y. Calculate the remainder when m is divided by 6.
1
Let y = 48 - 50. Let r(v) = -9*v**2 + 7*v + 5. Let l be r(y). Calculate the remainder when (-30)/l + (-229)/(-3) is divided by 26.
25
Let g = 30092 - 29816. Calculate the remainder when 1961 is divided by g.
29
What is the remainder when 3097 is divided by 9*(-5236)/(-378) + (-4)/6?
121
Suppose -44*f + 273 + 1311 = 0. What is the remainder when 4425 is divided by f?
33
Suppose -3*j = z - 2474 - 444, -2914 = -3*j - 5*z. Calculate the remainder when j is divided by 40.
13
Let c be ((-15)/60)/(1/(-56)). Suppose -27 = 9*p - c*p - 4*l, 0 = -3*p - 3*l + 18. Calculate the remainder when (0 + -3)*4/(-3) is divided by p.
1
Suppose -1264*g = -1242*g - 660. Calculate the remainder when 162 is divided by g.
12
Let g(s) = 2*s - 3*s + 3*s + 46 - 6*s. Suppose 4*z - 119 = -i, 2*i + 0*i = z - 41. What is the remainder when g(-26) is divided by z?
26
Suppose 574 = -20*m + 24*m + 5*i, 5*m = 4*i + 738. Calculate the remainder when 276 is divided by m.
130
Let r = 21675 - 21639. Let i(m) = m**2 + 7*m - 1. Calculate the remainder when r is divided by i(-8).
1
Suppose -28*k + 32*k - 2*o = 35618, -4*o - 35600 = -4*k. Calculate the remainder when k is divided by 110.
109
Suppose 10 = 4*j - 2*l + 8, 0 = -2*j - 4*l + 26. Suppose m + s - 40 = 0, -m = j*m + 2*s - 154. What is the remainder when 72 is divided by m?
35
Suppose -8*n + 3*n - 670 = 5*b, -5*n + 247 = -2*b. Let w = 193 + b. What is the remainder when w is divided by 9?
8
What is the remainder when (-2 + 0)/((-28)/13748) is divided by 47?
42
Suppose -4*d = -g - 29, 6*g - 4*g = 6. Let p = d - 1. What is the remainder when (10/6)/(143/2145) is divided by p?
4
Let s(y) be the third derivative of 19*y**5/30 - 31*y**4/24 + y**3/6 + 2*y**2 - 2*y. Calculate the remainder when s(3) is divided by 18.
16
Suppose 3*n = -5*h + 3594, -1430 = 3*h - 5*h - 5*n. Suppose -h = -f - 11*f. What is the remainder when f is divided by 8?
4
Calculate the remainder when -3*(390/(-18))/13 + 675 is divided by 44.
20
Let z(x) = x - 34. Let s be z(30). Let j(k) = k**2 - 4*k - 25. Let h(c) = 8*c**2 + c + 2. Calculate the remainder when h(1) is divided by j(s).
4
Let x(m) = -m**2 + 5*m + 9. Let b(k) = -k**3 + 5*k**2 + 16*k - 7. Let a be b(7). Suppose -h = -17 - a. Calculate the remainder when h is divided by x(6).
0
Let g(l) = 15*l - 997. What is the remainder when 537 is divided by g(84)?
11
Suppose -11*w - 3324 + 4039 = 0. Calculate the remainder when 584 is divided by w.
64
Suppose -5*q = 4*f - 452, -q - 12*f + 82 = -7*f. Calculate the remainder when 1201 is divided by q.
5
Let a(d) = d + 1. Let t be a(-2). Let j = t + 2. What is the remainder when (-8)/(-32)*11 - 4/(-64)*4 is divided by j?
0
What is the remainder when 5711 is divided by 920/(-690)*((-1182)/8 + 0)?
195
Suppose 4*f + 2*x = 3*x + 6029, -4*x = 20. Suppose 0 = 42*m + f - 5286. What is the remainder when m is divided by 47?
43
Let z(g) = 11*g**2 + 47*g + 67. Calculate the remainder when z(-5) is divided by 14.
9
Let t = 151520 + -151498. Suppose 4*y - 100 - 42 = -v, -5*y = 5*v - 725. What is the remainder when v is divided by t?
14
Let s(t) = -519*t + 4973. Calculate the remainder when s(9) is divided by 113.
76
Let i(d) be the third derivative of -d**5/60 - 2*d**4/3 + 3*d**3 - 72*d**2. Suppose -30 = 4*o + 22. What is the remainder when i(o) is divided by 12?
9
Let i be -3*(2/5 + (-42)/30). Suppose -i*g + h + 614 = 0, g + 5*h - 159 = 35. Calculate the remainder when g is divided by 41.
40
Let s(q) = -q**2 + 6*q + 8. Suppose 17*n = 15*n. Suppose 7*g - 24 - 242 = n. What is the remainder when g is divided by s(6)?
6
Let v = -720 + 737. Suppose 2*g - 3*g = -3*k + 70, -4*k = 2*g - 110. Calculate the remainder when k is divided by v.
8
Let q(v) = -v**2 - v + 52. Let a(d) = 2*d**2 - 13*d + 8. Let k be a(5). Calculate the remainder when 44 is divided by q(k).
4
What is the remainder when ((-53)/(-3))/((-25)/(-2550)) is divided by 22?
20
Let x(o) = 14*o**2 + 10*o - 76. Let w be x(9). Suppose 0 = 5*j - 3*b - 1913, -2*b - w = -16*j + 13*j. What is the remainder when j is divided by 32?
30
Let p(k) = 2389*k**2 - 56*k + 56. What is the remainder when p(1) is divided by 22?
13
Suppose 2*l = -3*k + 8, -l = -3*k + 4 + 10. Suppose 11 - 147 = k*o. Let r = -23 - o. Calculate the remainder when 30 is divided by r.
8
Suppose 40*o - 30553 = -8776 + 7103. Calculate the remainder when o is divided by 106.
86
Let n = 25759 - 24756. Calculate the remainder when n is divided by 331.
10
Suppose 2*v - 24 = -b, -2*v = -28*b + 26*b - 24. Calculate the remainder when 3514 is divided by v.
10
Let r(b) = b**3 - 10*b**2 + 11*b - 4. Let u = 35 - 8. What is the remainder when u is divided by r(9)?
13
Let z = -24371 + 24402. Calculate the remainder when 247 is divided by z.
30
Suppose -3*d - 2*d = -40. Suppose -14*f + d + 384 = 0. Calculate the remainder when f is divided by 7.
0
Let n(s) = 1665*s**2 - 10*s + 82. Let l be n(7). Calculate the remainder when (-2)/(-5) - l/(-295) is divided by 10.
7
Let q be (-2)/((-152)/36 + 4). What is the remainder when (3/54*q)/((-2)/(-148)) is divided by 24?
13
Suppose 111*g = 35 + 1109 - 145. Calculate the remainder when 46 is divided by g.
1
Suppose 56*m - n = 52*m + 97, -3*n + 101 = 2*m. Let y(u) = -5*u - 2. Calculate the remainder when m is divided by y(-2).
4
Let g(f) = -2*f**3 - 6*f**2 - 13*f - 77. What is the remainder when 192 is divided by g(-5)?
16
Let u(g) = 80*g**2 - 388*g - 13. What is the remainder when 4369 is divided by u(5)?
45
Suppose -3*h + 2*a - 52 = -4*h, -2*h = 2*a - 114. Let y(k) = k**2 + 3*k + 5. Let c be y(-4). What is the remainder when h is divided by (12/c)/(2/24)?
14
Let x(c) = -5*c + 317. What is the remainder when x(38) is divided by 76?
51
Suppose 4*f + 0*o - 88 = 4*o, 0 = 5*f + 5*o - 70. Let s(g) = -4*g - 96. Let j(u) = 3*u - 88. Let z be j(21). What is the remainder when f is divided by s(z)?
2
Let a = -16 - -39. What is the remainder when (-41)/(-4 + 18/6) is divided by a?
18
Suppose p + 2*t = -4, -26*p + 30*p = -5*t - 31. What is the remainder when 12306/(-18)*12/p is divided by 42?
40
Let y(j) = -125*j + 3285. What is the remainder when (2/3)/(4/474) is divided by y(26)?
9
Let a(j) = 13*j + 260. Suppose 98*x = 102*x - 3*u + 88, 5*u = -5*x - 75. Let p(q) = 6*q**2 + 2*q - 2. What is the remainder when p(-3) is divided by a(x)?
7
Suppose -4*b - 3*g = -5, -3*g - 10 = -5*b + 3. Suppose -b*f + 62 = 5*p + 29, -5*f - 5 = -5*p. What is the remainder when f is divided by (1 + -4 - -2) + 3?
0
Let f(o) = -3*o**2 - 139*o + 89. Let j(d) = 7*d**2 - 42*d + 10. Let p be j(4). Calculate the remainder when f(p) is divided by 14.
9
Suppose x + 16 = 4*o, -2*o + 11 = o - x. Suppose -q - 4 = q + o*a, -a - 5 = -q. Suppose -8*t + 341 = q*t. Calculate the remainder when t is divided by 13.
5
Suppose 2*c = -d - 203, 4*d - 112 = c + 12. What is the remainder when (2 - 56/16)*(-124)/6 is divided by c/(-6) + (-1)/3?
14
Let c(b) be the second derivative of -b**3/6 + b**2 - 50*b. Suppose 2*h - 150 = -0*h. What is the remainder when h is divided by c(-19)?
12
Let r(k) = 33*k**2 - 89*k - 51. What is the remainder when r(8) is divided by 91?
75
Let k = -89 + 91. Let c(q) = -356 + 4*q**2 + k*q + 700 - 360. What is the remainder when c(-4) is divided by 14?
12
Suppose 0 = -3*o - 2*o - 55. Let h(t) = -t**2 + 35*t + 466. What is the remainder when h(44) is divided by 402/33 + 2/o?
10
Let q(p) = -p**3 - 115*p**2 - 553*p + 517. Calculate the remainder when q(-110) is divided by 4.
3
Suppose -3*q + 3*p + 12 = -0*q, 0 = p. Suppose -5*d - 3*f = 5 - 26, d - q*f = 18. Suppose 249 = -d*c + 9*c. Calculate the remainder when c is divided by 42.
41
Let t(v) = 2*v**2 - v - 5. Let p be t(0). Calculate the remainder when 41 is divided by (-112)/(-10) - (-1)/p.
8
What is the remainder when 351 is d